{"id":3666,"date":"2025-09-19T14:59:04","date_gmt":"2025-09-19T14:59:04","guid":{"rendered":"https:\/\/specifica.com.br\/site2024\/?post_type=product&#038;p=3666"},"modified":"2025-09-19T15:07:17","modified_gmt":"2025-09-19T15:07:17","slug":"spray-repelente-merck-com-filtro-solar-uva-b","status":"publish","type":"product","link":"https:\/\/specifica.com.br\/site2024\/produto\/linha-repelentes-e-calmantes-de-picadas\/spray-repelente-merck-com-filtro-solar-uva-b\/","title":{"rendered":"SPRAY REPELENTE MERCK COM FILTRO SOLAR UVA\/B"},"content":{"rendered":"","protected":false},"excerpt":{"rendered":"<p>Aplicar nas \u00e1reas expostas do corpo e reaplicar no m\u00e1ximo at\u00e9 7 horas ap\u00f3s.<br \/>\nPode ser usado em crian\u00e7as acima de 6 meses de idade e gestantes.<\/p>\n<p>&nbsp;<\/p>\n<h3><\/h3>\n","protected":false},"featured_media":3667,"comment_status":"open","ping_status":"closed","template":"","meta":{"_acf_changed":false},"product_brand":[],"product_cat":[70],"product_tag":[],"class_list":{"0":"post-3666","1":"product","2":"type-product","3":"status-publish","4":"has-post-thumbnail","6":"product_cat-linha-repelentes-e-calmantes-de-picadas","8":"first","9":"instock","10":"shipping-taxable","11":"product-type-simple"},"acf":[],"_links":{"self":[{"href":"https:\/\/specifica.com.br\/site2024\/wp-json\/wp\/v2\/product\/3666","targetHints":{"allow":["GET"]}}],"collection":[{"href":"https:\/\/specifica.com.br\/site2024\/wp-json\/wp\/v2\/product"}],"about":[{"href":"https:\/\/specifica.com.br\/site2024\/wp-json\/wp\/v2\/types\/product"}],"replies":[{"embeddable":true,"href":"https:\/\/specifica.com.br\/site2024\/wp-json\/wp\/v2\/comments?post=3666"}],"wp:featuredmedia":[{"embeddable":true,"href":"https:\/\/specifica.com.br\/site2024\/wp-json\/wp\/v2\/media\/3667"}],"wp:attachment":[{"href":"https:\/\/specifica.com.br\/site2024\/wp-json\/wp\/v2\/media?parent=3666"}],"wp:term":[{"taxonomy":"product_brand","embeddable":true,"href":"https:\/\/specifica.com.br\/site2024\/wp-json\/wp\/v2\/product_brand?post=3666"},{"taxonomy":"product_cat","embeddable":true,"href":"https:\/\/specifica.com.br\/site2024\/wp-json\/wp\/v2\/product_cat?post=3666"},{"taxonomy":"product_tag","embeddable":true,"href":"https:\/\/specifica.com.br\/site2024\/wp-json\/wp\/v2\/product_tag?post=3666"}],"curies":[{"name":"wp","href":"https:\/\/api.w.org\/{rel}","templated":true}]}}