{"id":3562,"date":"2025-06-20T16:29:14","date_gmt":"2025-06-20T16:29:14","guid":{"rendered":"https:\/\/specifica.com.br\/site2024\/?post_type=product&#038;p=3562"},"modified":"2025-06-20T16:30:48","modified_gmt":"2025-06-20T16:30:48","slug":"oleo-de-rosa-mosqueta","status":"publish","type":"product","link":"https:\/\/specifica.com.br\/site2024\/produto\/linha-corporal\/oleo-massagem-calmante-pele\/oleo-de-rosa-mosqueta\/","title":{"rendered":"\u00d3LEO DE ROSA MOSQUETA"},"content":{"rendered":"","protected":false},"excerpt":{"rendered":"<p>Conhecida como Rosa Aff rubiginosa (ou Rose Hips) Oil.\u00e9 um \u00f3leo que foi observado a presen\u00e7a da vitamina A \u00e1cida, com efeitos regeneradores de cicatrizes e tamb\u00e9m como preven\u00e7\u00e3o das manifesta\u00e7\u00f5es de envelhecimento da pele.<\/p>\n<p>&nbsp;<\/p>\n","protected":false},"featured_media":3563,"comment_status":"open","ping_status":"closed","template":"","meta":{"_acf_changed":false},"product_brand":[],"product_cat":[54],"product_tag":[],"class_list":{"0":"post-3562","1":"product","2":"type-product","3":"status-publish","4":"has-post-thumbnail","6":"product_cat-oleo-massagem-calmante-pele","8":"first","9":"instock","10":"shipping-taxable","11":"product-type-simple"},"acf":[],"_links":{"self":[{"href":"https:\/\/specifica.com.br\/site2024\/wp-json\/wp\/v2\/product\/3562","targetHints":{"allow":["GET"]}}],"collection":[{"href":"https:\/\/specifica.com.br\/site2024\/wp-json\/wp\/v2\/product"}],"about":[{"href":"https:\/\/specifica.com.br\/site2024\/wp-json\/wp\/v2\/types\/product"}],"replies":[{"embeddable":true,"href":"https:\/\/specifica.com.br\/site2024\/wp-json\/wp\/v2\/comments?post=3562"}],"wp:featuredmedia":[{"embeddable":true,"href":"https:\/\/specifica.com.br\/site2024\/wp-json\/wp\/v2\/media\/3563"}],"wp:attachment":[{"href":"https:\/\/specifica.com.br\/site2024\/wp-json\/wp\/v2\/media?parent=3562"}],"wp:term":[{"taxonomy":"product_brand","embeddable":true,"href":"https:\/\/specifica.com.br\/site2024\/wp-json\/wp\/v2\/product_brand?post=3562"},{"taxonomy":"product_cat","embeddable":true,"href":"https:\/\/specifica.com.br\/site2024\/wp-json\/wp\/v2\/product_cat?post=3562"},{"taxonomy":"product_tag","embeddable":true,"href":"https:\/\/specifica.com.br\/site2024\/wp-json\/wp\/v2\/product_tag?post=3562"}],"curies":[{"name":"wp","href":"https:\/\/api.w.org\/{rel}","templated":true}]}}