{"id":3508,"date":"2025-06-18T16:51:02","date_gmt":"2025-06-18T16:51:02","guid":{"rendered":"https:\/\/specifica.com.br\/site2024\/?post_type=product&#038;p=3508"},"modified":"2025-06-18T16:55:34","modified_gmt":"2025-06-18T16:55:34","slug":"sabonete-neutro-erva-doce-siliconizado","status":"publish","type":"product","link":"https:\/\/specifica.com.br\/site2024\/produto\/linha-sabonetes\/sabonete-neutro-erva-doce-siliconizado\/","title":{"rendered":"SABONETE NEUTRO ERVA-DOCE SILICONIZADO"},"content":{"rendered":"","protected":false},"excerpt":{"rendered":"<p>Formulado especialmente com Triclosan para assepsia das m\u00e3os, face e corpo e enriquecido com agentes perolizantes e silicone para reduzir a irrita\u00e7\u00e3o e ressecamento da pele.<\/p>\n<p>&nbsp;<\/p>\n<p class=\"Standarduser\" style=\"text-align: justify; tab-stops: 129.05pt 150.3pt; margin: 0cm 232.45pt .0001pt 11.35pt;\">\n","protected":false},"featured_media":3509,"comment_status":"open","ping_status":"closed","template":"","meta":{"_acf_changed":false},"product_brand":[],"product_cat":[71],"product_tag":[],"class_list":{"0":"post-3508","1":"product","2":"type-product","3":"status-publish","4":"has-post-thumbnail","6":"product_cat-linha-sabonetes","8":"first","9":"instock","10":"shipping-taxable","11":"product-type-simple"},"acf":[],"_links":{"self":[{"href":"https:\/\/specifica.com.br\/site2024\/wp-json\/wp\/v2\/product\/3508","targetHints":{"allow":["GET"]}}],"collection":[{"href":"https:\/\/specifica.com.br\/site2024\/wp-json\/wp\/v2\/product"}],"about":[{"href":"https:\/\/specifica.com.br\/site2024\/wp-json\/wp\/v2\/types\/product"}],"replies":[{"embeddable":true,"href":"https:\/\/specifica.com.br\/site2024\/wp-json\/wp\/v2\/comments?post=3508"}],"wp:featuredmedia":[{"embeddable":true,"href":"https:\/\/specifica.com.br\/site2024\/wp-json\/wp\/v2\/media\/3509"}],"wp:attachment":[{"href":"https:\/\/specifica.com.br\/site2024\/wp-json\/wp\/v2\/media?parent=3508"}],"wp:term":[{"taxonomy":"product_brand","embeddable":true,"href":"https:\/\/specifica.com.br\/site2024\/wp-json\/wp\/v2\/product_brand?post=3508"},{"taxonomy":"product_cat","embeddable":true,"href":"https:\/\/specifica.com.br\/site2024\/wp-json\/wp\/v2\/product_cat?post=3508"},{"taxonomy":"product_tag","embeddable":true,"href":"https:\/\/specifica.com.br\/site2024\/wp-json\/wp\/v2\/product_tag?post=3508"}],"curies":[{"name":"wp","href":"https:\/\/api.w.org\/{rel}","templated":true}]}}