{"id":3497,"date":"2025-06-18T16:32:24","date_gmt":"2025-06-18T16:32:24","guid":{"rendered":"https:\/\/specifica.com.br\/site2024\/?post_type=product&#038;p=3497"},"modified":"2025-06-18T16:34:48","modified_gmt":"2025-06-18T16:34:48","slug":"sabonete-neutro-aminoacidos-do-leite","status":"publish","type":"product","link":"https:\/\/specifica.com.br\/site2024\/produto\/linha-sabonetes\/sabonete-neutro-aminoacidos-do-leite\/","title":{"rendered":"SABONETE NEUTRO AMINO\u00c1CIDOS DO LEITE"},"content":{"rendered":"","protected":false},"excerpt":{"rendered":"<p>Sabonete neutro, promove a limpeza e manuten\u00e7\u00e3o das caracter\u00edsticas naturais da pele, higienizando sem causar o ressecamento excessivo.<\/p>\n","protected":false},"featured_media":3498,"comment_status":"open","ping_status":"closed","template":"","meta":{"_acf_changed":false},"product_brand":[],"product_cat":[71],"product_tag":[],"class_list":{"0":"post-3497","1":"product","2":"type-product","3":"status-publish","4":"has-post-thumbnail","6":"product_cat-linha-sabonetes","8":"first","9":"instock","10":"shipping-taxable","11":"product-type-simple"},"acf":[],"_links":{"self":[{"href":"https:\/\/specifica.com.br\/site2024\/wp-json\/wp\/v2\/product\/3497","targetHints":{"allow":["GET"]}}],"collection":[{"href":"https:\/\/specifica.com.br\/site2024\/wp-json\/wp\/v2\/product"}],"about":[{"href":"https:\/\/specifica.com.br\/site2024\/wp-json\/wp\/v2\/types\/product"}],"replies":[{"embeddable":true,"href":"https:\/\/specifica.com.br\/site2024\/wp-json\/wp\/v2\/comments?post=3497"}],"wp:featuredmedia":[{"embeddable":true,"href":"https:\/\/specifica.com.br\/site2024\/wp-json\/wp\/v2\/media\/3498"}],"wp:attachment":[{"href":"https:\/\/specifica.com.br\/site2024\/wp-json\/wp\/v2\/media?parent=3497"}],"wp:term":[{"taxonomy":"product_brand","embeddable":true,"href":"https:\/\/specifica.com.br\/site2024\/wp-json\/wp\/v2\/product_brand?post=3497"},{"taxonomy":"product_cat","embeddable":true,"href":"https:\/\/specifica.com.br\/site2024\/wp-json\/wp\/v2\/product_cat?post=3497"},{"taxonomy":"product_tag","embeddable":true,"href":"https:\/\/specifica.com.br\/site2024\/wp-json\/wp\/v2\/product_tag?post=3497"}],"curies":[{"name":"wp","href":"https:\/\/api.w.org\/{rel}","templated":true}]}}