{"id":3477,"date":"2025-06-18T15:22:50","date_gmt":"2025-06-18T15:22:50","guid":{"rendered":"https:\/\/specifica.com.br\/site2024\/?post_type=product&#038;p=3477"},"modified":"2025-06-18T15:25:28","modified_gmt":"2025-06-18T15:25:28","slug":"emulsao-hidratante-e-nutritiva-corpo-e-face","status":"publish","type":"product","link":"https:\/\/specifica.com.br\/site2024\/produto\/linha-corporal\/hidratacao-corporal\/emulsao-hidratante-e-nutritiva-corpo-e-face\/","title":{"rendered":"EMULS\u00c3O HIDRATANTE E NUTRITIVA &#8211; CORPO E FACE"},"content":{"rendered":"","protected":false},"excerpt":{"rendered":"<p>Emuls\u00e3o rica em \u00e1cidos graxos da noz macad\u00e2mia, vitais para a hidrata\u00e7\u00e3o e regenera\u00e7\u00e3o cut\u00e2nea, que age formando um manto lip\u00eddico natural e compat\u00edvel com a pele, diminuindo a perda de \u00e1gua transepid\u00e9rmica.<\/p>\n","protected":false},"featured_media":3478,"comment_status":"open","ping_status":"closed","template":"","meta":{"_acf_changed":false},"product_brand":[],"product_cat":[53],"product_tag":[],"class_list":{"0":"post-3477","1":"product","2":"type-product","3":"status-publish","4":"has-post-thumbnail","6":"product_cat-hidratacao-corporal","8":"first","9":"instock","10":"shipping-taxable","11":"product-type-simple"},"acf":[],"_links":{"self":[{"href":"https:\/\/specifica.com.br\/site2024\/wp-json\/wp\/v2\/product\/3477","targetHints":{"allow":["GET"]}}],"collection":[{"href":"https:\/\/specifica.com.br\/site2024\/wp-json\/wp\/v2\/product"}],"about":[{"href":"https:\/\/specifica.com.br\/site2024\/wp-json\/wp\/v2\/types\/product"}],"replies":[{"embeddable":true,"href":"https:\/\/specifica.com.br\/site2024\/wp-json\/wp\/v2\/comments?post=3477"}],"wp:featuredmedia":[{"embeddable":true,"href":"https:\/\/specifica.com.br\/site2024\/wp-json\/wp\/v2\/media\/3478"}],"wp:attachment":[{"href":"https:\/\/specifica.com.br\/site2024\/wp-json\/wp\/v2\/media?parent=3477"}],"wp:term":[{"taxonomy":"product_brand","embeddable":true,"href":"https:\/\/specifica.com.br\/site2024\/wp-json\/wp\/v2\/product_brand?post=3477"},{"taxonomy":"product_cat","embeddable":true,"href":"https:\/\/specifica.com.br\/site2024\/wp-json\/wp\/v2\/product_cat?post=3477"},{"taxonomy":"product_tag","embeddable":true,"href":"https:\/\/specifica.com.br\/site2024\/wp-json\/wp\/v2\/product_tag?post=3477"}],"curies":[{"name":"wp","href":"https:\/\/api.w.org\/{rel}","templated":true}]}}