{"id":2987,"date":"2025-04-15T15:43:29","date_gmt":"2025-04-15T15:43:29","guid":{"rendered":"https:\/\/specifica.com.br\/site2024\/?post_type=product&#038;p=2987"},"modified":"2025-04-15T16:00:52","modified_gmt":"2025-04-15T16:00:52","slug":"locao-tonica-adstringente-facial-algas-marinhas-e-hamamelis","status":"publish","type":"product","link":"https:\/\/specifica.com.br\/site2024\/produto\/linha-facial\/limpeza-de-pele-e-tonificacao\/locao-tonica-adstringente-facial-algas-marinhas-e-hamamelis\/","title":{"rendered":"LO\u00c7\u00c3O T\u00d4NICA ADSTRINGENTE FACIAL ALGAS MARINHAS E HAMAM\u00c9LIS"},"content":{"rendered":"","protected":false},"excerpt":{"rendered":"<p>Tonifica a pele, removendo toda a gordura armazenada na superf\u00edcie dos poros.<\/p>\n","protected":false},"featured_media":2996,"comment_status":"open","ping_status":"closed","template":"","meta":{"_acf_changed":false},"product_brand":[],"product_cat":[61],"product_tag":[],"class_list":{"0":"post-2987","1":"product","2":"type-product","3":"status-publish","4":"has-post-thumbnail","6":"product_cat-limpeza-de-pele-e-tonificacao","8":"first","9":"instock","10":"shipping-taxable","11":"product-type-simple"},"acf":[],"_links":{"self":[{"href":"https:\/\/specifica.com.br\/site2024\/wp-json\/wp\/v2\/product\/2987","targetHints":{"allow":["GET"]}}],"collection":[{"href":"https:\/\/specifica.com.br\/site2024\/wp-json\/wp\/v2\/product"}],"about":[{"href":"https:\/\/specifica.com.br\/site2024\/wp-json\/wp\/v2\/types\/product"}],"replies":[{"embeddable":true,"href":"https:\/\/specifica.com.br\/site2024\/wp-json\/wp\/v2\/comments?post=2987"}],"wp:featuredmedia":[{"embeddable":true,"href":"https:\/\/specifica.com.br\/site2024\/wp-json\/wp\/v2\/media\/2996"}],"wp:attachment":[{"href":"https:\/\/specifica.com.br\/site2024\/wp-json\/wp\/v2\/media?parent=2987"}],"wp:term":[{"taxonomy":"product_brand","embeddable":true,"href":"https:\/\/specifica.com.br\/site2024\/wp-json\/wp\/v2\/product_brand?post=2987"},{"taxonomy":"product_cat","embeddable":true,"href":"https:\/\/specifica.com.br\/site2024\/wp-json\/wp\/v2\/product_cat?post=2987"},{"taxonomy":"product_tag","embeddable":true,"href":"https:\/\/specifica.com.br\/site2024\/wp-json\/wp\/v2\/product_tag?post=2987"}],"curies":[{"name":"wp","href":"https:\/\/api.w.org\/{rel}","templated":true}]}}