{"id":277,"date":"2023-08-01T14:21:33","date_gmt":"2023-08-01T14:21:33","guid":{"rendered":"https:\/\/specifica.com.br\/site2024\/?page_id=277"},"modified":"2024-07-12T00:10:54","modified_gmt":"2024-07-12T00:10:54","slug":"sobre-nos","status":"publish","type":"page","link":"https:\/\/specifica.com.br\/site2024\/sobre-nos\/","title":{"rendered":"Sobre N\u00f3s"},"content":{"rendered":"\t\t<div data-elementor-type=\"wp-page\" data-elementor-id=\"277\" class=\"elementor elementor-277\" data-elementor-post-type=\"page\">\n\t\t\t\t\t\t<section class=\"ob-is-breaking-bad elementor-section elementor-top-section elementor-element elementor-element-80c45cb elementor-section-full_width elementor-section-height-min-height elementor-section-height-default elementor-section-items-middle\" data-id=\"80c45cb\" data-element_type=\"section\" data-settings=\"{&quot;jet_parallax_layout_list&quot;:[],&quot;background_background&quot;:&quot;classic&quot;,&quot;_ob_bbad_use_it&quot;:&quot;yes&quot;,&quot;_ob_bbad_sssic_use&quot;:&quot;no&quot;,&quot;_ob_glider_is_slider&quot;:&quot;no&quot;}\">\n\t\t\t\t\t\t<div class=\"elementor-container elementor-column-gap-default\">\n\t\t\t\t\t<div class=\"elementor-column elementor-col-100 elementor-top-column elementor-element elementor-element-eec0c53\" data-id=\"eec0c53\" data-element_type=\"column\" data-settings=\"{&quot;_ob_bbad_is_stalker&quot;:&quot;no&quot;,&quot;_ob_teleporter_use&quot;:false,&quot;_ob_column_hoveranimator&quot;:&quot;no&quot;,&quot;_ob_column_has_pseudo&quot;:&quot;no&quot;}\">\n\t\t\t<div class=\"elementor-widget-wrap elementor-element-populated\">\n\t\t\t\t\t\t<div class=\"elementor-element elementor-element-9bdade9 ob-has-background-overlay elementor-widget elementor-widget-spacer\" data-id=\"9bdade9\" data-element_type=\"widget\" data-settings=\"{&quot;_ob_spacerat_use&quot;:&quot;no&quot;,&quot;_ob_perspektive_use&quot;:&quot;no&quot;,&quot;_ob_poopart_use&quot;:&quot;yes&quot;,&quot;_ob_shadough_use&quot;:&quot;no&quot;,&quot;_ob_allow_hoveranimator&quot;:&quot;no&quot;,&quot;_ob_widget_stalker_use&quot;:&quot;no&quot;}\" data-widget_type=\"spacer.default\">\n\t\t\t\t<div class=\"elementor-widget-container\">\n\t\t\t\t\t\t\t<div class=\"elementor-spacer\">\n\t\t\t<div class=\"elementor-spacer-inner\"><\/div>\n\t\t<\/div>\n\t\t\t\t\t\t<\/div>\n\t\t\t\t<\/div>\n\t\t\t\t\t<\/div>\n\t\t<\/div>\n\t\t\t\t\t<\/div>\n\t\t<\/section>\n\t\t\t\t<section class=\"ob-is-breaking-bad elementor-section elementor-top-section elementor-element elementor-element-7114488 elementor-section-boxed elementor-section-height-default elementor-section-height-default\" data-id=\"7114488\" data-element_type=\"section\" data-settings=\"{&quot;background_background&quot;:&quot;classic&quot;,&quot;jet_parallax_layout_list&quot;:[],&quot;_ob_bbad_use_it&quot;:&quot;yes&quot;,&quot;_ob_bbad_sssic_use&quot;:&quot;no&quot;,&quot;_ob_glider_is_slider&quot;:&quot;no&quot;}\">\n\t\t\t\t\t\t<div class=\"elementor-container elementor-column-gap-default\">\n\t\t\t\t\t<div class=\"elementor-column elementor-col-100 elementor-top-column elementor-element elementor-element-1e9ffb5\" data-id=\"1e9ffb5\" data-element_type=\"column\" data-settings=\"{&quot;background_background&quot;:&quot;classic&quot;,&quot;_ob_bbad_is_stalker&quot;:&quot;no&quot;,&quot;_ob_teleporter_use&quot;:false,&quot;_ob_column_hoveranimator&quot;:&quot;no&quot;,&quot;_ob_column_has_pseudo&quot;:&quot;no&quot;}\">\n\t\t\t<div class=\"elementor-widget-wrap elementor-element-populated\">\n\t\t\t\t\t\t<div class=\"elementor-element elementor-element-3e520df elementor-align-center ob-has-background-overlay elementor-widget elementor-widget-button\" data-id=\"3e520df\" data-element_type=\"widget\" data-settings=\"{&quot;_ob_butterbutton_use_it&quot;:&quot;no&quot;,&quot;_ob_perspektive_use&quot;:&quot;no&quot;,&quot;_ob_poopart_use&quot;:&quot;yes&quot;,&quot;_ob_shadough_use&quot;:&quot;no&quot;,&quot;_ob_allow_hoveranimator&quot;:&quot;no&quot;,&quot;_ob_widget_stalker_use&quot;:&quot;no&quot;}\" data-widget_type=\"button.default\">\n\t\t\t\t<div class=\"elementor-widget-container\">\n\t\t\t\t\t\t\t\t\t<div class=\"elementor-button-wrapper\">\n\t\t\t\t\t<a class=\"elementor-button elementor-size-sm\" role=\"button\">\n\t\t\t\t\t\t<span class=\"elementor-button-content-wrapper\">\n\t\t\t\t\t\t\t\t\t<span class=\"elementor-button-text\">Sobre n\u00f3s<\/span>\n\t\t\t\t\t<\/span>\n\t\t\t\t\t<\/a>\n\t\t\t\t<\/div>\n\t\t\t\t\t\t\t\t<\/div>\n\t\t\t\t<\/div>\n\t\t\t\t<div class=\"elementor-element elementor-element-319e9a7 ob-harakiri-inherit ob-has-background-overlay elementor-widget elementor-widget-heading\" data-id=\"319e9a7\" data-element_type=\"widget\" data-settings=\"{&quot;_ob_use_harakiri&quot;:&quot;yes&quot;,&quot;_ob_harakiri_writing_mode&quot;:&quot;inherit&quot;,&quot;_ob_harakiri_text_clip&quot;:&quot;none&quot;,&quot;_ob_perspektive_use&quot;:&quot;no&quot;,&quot;_ob_poopart_use&quot;:&quot;yes&quot;,&quot;_ob_shadough_use&quot;:&quot;no&quot;,&quot;_ob_allow_hoveranimator&quot;:&quot;no&quot;,&quot;_ob_widget_stalker_use&quot;:&quot;no&quot;}\" data-widget_type=\"heading.default\">\n\t\t\t\t<div class=\"elementor-widget-container\">\n\t\t\t\t\t<h2 class=\"elementor-heading-title elementor-size-default\">\"Igual a voc\u00ea, ningu\u00e9m!\"\n<\/h2>\t\t\t\t<\/div>\n\t\t\t\t<\/div>\n\t\t\t\t<div class=\"elementor-element elementor-element-4824275 ob-harakiri-inherit ob-has-background-overlay elementor-widget elementor-widget-text-editor\" data-id=\"4824275\" data-element_type=\"widget\" data-settings=\"{&quot;_ob_use_harakiri&quot;:&quot;yes&quot;,&quot;_ob_harakiri_writing_mode&quot;:&quot;inherit&quot;,&quot;_ob_postman_use&quot;:&quot;no&quot;,&quot;_ob_perspektive_use&quot;:&quot;no&quot;,&quot;_ob_poopart_use&quot;:&quot;yes&quot;,&quot;_ob_shadough_use&quot;:&quot;no&quot;,&quot;_ob_allow_hoveranimator&quot;:&quot;no&quot;,&quot;_ob_widget_stalker_use&quot;:&quot;no&quot;}\" data-widget_type=\"text-editor.default\">\n\t\t\t\t<div class=\"elementor-widget-container\">\n\t\t\t\t\t\t\t\t\t<p><strong>A Pharm\u00e1cia Spec\u00edfica \u00e9 uma farm\u00e1cia de manipula\u00e7\u00e3o de f\u00f3rmulas farmac\u00eauticas, cosm\u00e9ticas e veterin\u00e1rias. Fundada em 1983 e premiada pela planta inovadora de sua estrutura, a farm\u00e1cia j\u00e1 ultrapassou a marca de 13 milh\u00f5es de f\u00f3rmulas, todas preparadas artesanalmente, em seus arrojados laborat\u00f3rios.\u00a0<\/strong><\/p><p>Sempre orientada pela pesquisa cient\u00edfica, a <strong>Pharm\u00e1cia Spec\u00edfica<\/strong> adquire mat\u00e9rias primas junto aos melhores fornecedores para produzir f\u00f3rmulas inovadoras e de indiscut\u00edvel qualidade, criando verdadeiras \u201c<strong>solu\u00e7\u00f5es terap\u00eauticas<\/strong>\u201d e assim buscando sempre superar as expectativas dos clientes.<\/p><p>Primando pela \u00e9tica absoluta, a <strong>Pharm\u00e1cia Spec\u00edfica<\/strong> tem seu foco no ser humano e suas peculiaridades individuais. Por isso, cada cliente \u00e9 tratado como \u00fanico e a sua f\u00f3rmula \u00e9 sempre considerada um projeto especial.<\/p><p>Com sua estreita pol\u00edtica de relacionamento com os m\u00e9dicos e profissionais da sa\u00fade, prescritores das receitas, a Spec\u00edfica garante a manipula\u00e7\u00e3o das mais eficientes f\u00f3rmulas farmac\u00eauticas para atender os objetivos plenos dos tratamentos e da cura.<\/p>\t\t\t\t\t\t\t\t<\/div>\n\t\t\t\t<\/div>\n\t\t\t\t<section class=\"ob-is-breaking-bad ob-bb-inner elementor-section elementor-inner-section elementor-element elementor-element-b95b1b5 elementor-section-boxed elementor-section-height-default elementor-section-height-default\" data-id=\"b95b1b5\" data-element_type=\"section\" data-settings=\"{&quot;background_background&quot;:&quot;classic&quot;,&quot;jet_parallax_layout_list&quot;:[],&quot;_ob_bbad_use_it&quot;:&quot;yes&quot;,&quot;_ob_bbad_sssic_use&quot;:&quot;no&quot;,&quot;_ob_glider_is_slider&quot;:&quot;no&quot;}\">\n\t\t\t\t\t\t<div class=\"elementor-container elementor-column-gap-default\">\n\t\t\t\t\t<div class=\"elementor-column elementor-col-50 elementor-inner-column elementor-element elementor-element-1150521\" data-id=\"1150521\" data-element_type=\"column\" data-settings=\"{&quot;_ob_bbad_is_stalker&quot;:&quot;no&quot;,&quot;_ob_teleporter_use&quot;:false,&quot;_ob_column_hoveranimator&quot;:&quot;no&quot;,&quot;_ob_column_has_pseudo&quot;:&quot;no&quot;}\">\n\t\t\t<div class=\"elementor-widget-wrap elementor-element-populated\">\n\t\t\t\t\t\t<div class=\"elementor-element elementor-element-caae8b8 ob-has-background-overlay elementor-widget elementor-widget-video\" data-id=\"caae8b8\" data-element_type=\"widget\" data-settings=\"{&quot;youtube_url&quot;:&quot;https:\\\/\\\/youtu.be\\\/aK-b1E7G5qQ&quot;,&quot;video_type&quot;:&quot;youtube&quot;,&quot;controls&quot;:&quot;yes&quot;,&quot;_ob_perspektive_use&quot;:&quot;no&quot;,&quot;_ob_poopart_use&quot;:&quot;yes&quot;,&quot;_ob_shadough_use&quot;:&quot;no&quot;,&quot;_ob_allow_hoveranimator&quot;:&quot;no&quot;,&quot;_ob_widget_stalker_use&quot;:&quot;no&quot;}\" data-widget_type=\"video.default\">\n\t\t\t\t<div class=\"elementor-widget-container\">\n\t\t\t\t\t\t\t<div class=\"elementor-wrapper elementor-open-inline\">\n\t\t\t<div class=\"elementor-video\"><\/div>\t\t<\/div>\n\t\t\t\t\t\t<\/div>\n\t\t\t\t<\/div>\n\t\t\t\t\t<\/div>\n\t\t<\/div>\n\t\t\t\t<div class=\"elementor-column elementor-col-50 elementor-inner-column elementor-element elementor-element-6dc9516\" data-id=\"6dc9516\" data-element_type=\"column\" data-settings=\"{&quot;_ob_bbad_is_stalker&quot;:&quot;no&quot;,&quot;_ob_teleporter_use&quot;:false,&quot;_ob_column_hoveranimator&quot;:&quot;no&quot;,&quot;_ob_column_has_pseudo&quot;:&quot;no&quot;}\">\n\t\t\t<div class=\"elementor-widget-wrap elementor-element-populated\">\n\t\t\t\t\t\t<div class=\"elementor-element elementor-element-74f7745 ob-harakiri-inherit ob-has-background-overlay elementor-widget elementor-widget-heading\" data-id=\"74f7745\" data-element_type=\"widget\" data-settings=\"{&quot;_ob_use_harakiri&quot;:&quot;yes&quot;,&quot;_ob_harakiri_writing_mode&quot;:&quot;inherit&quot;,&quot;_ob_harakiri_text_clip&quot;:&quot;none&quot;,&quot;_ob_perspektive_use&quot;:&quot;no&quot;,&quot;_ob_poopart_use&quot;:&quot;yes&quot;,&quot;_ob_shadough_use&quot;:&quot;no&quot;,&quot;_ob_allow_hoveranimator&quot;:&quot;no&quot;,&quot;_ob_widget_stalker_use&quot;:&quot;no&quot;}\" data-widget_type=\"heading.default\">\n\t\t\t\t<div class=\"elementor-widget-container\">\n\t\t\t\t\t<h2 class=\"elementor-heading-title elementor-size-default\">Atua\u00e7\u00e3o <span style=\"font-weight:900\">humanista <\/span> e <span style=\"font-weight:900\">tecnologia<\/span> de ponta voltadas integralmente para o <span style=\"font-weight:900\">bem-estar do cliente.<\/span><\/h2>\t\t\t\t<\/div>\n\t\t\t\t<\/div>\n\t\t\t\t\t<\/div>\n\t\t<\/div>\n\t\t\t\t\t<\/div>\n\t\t<\/section>\n\t\t\t\t<div class=\"elementor-element elementor-element-56f39f7 ob-harakiri-inherit ob-has-background-overlay elementor-widget elementor-widget-text-editor\" data-id=\"56f39f7\" data-element_type=\"widget\" data-settings=\"{&quot;_ob_use_harakiri&quot;:&quot;yes&quot;,&quot;_ob_harakiri_writing_mode&quot;:&quot;inherit&quot;,&quot;_ob_postman_use&quot;:&quot;no&quot;,&quot;_ob_perspektive_use&quot;:&quot;no&quot;,&quot;_ob_poopart_use&quot;:&quot;yes&quot;,&quot;_ob_shadough_use&quot;:&quot;no&quot;,&quot;_ob_allow_hoveranimator&quot;:&quot;no&quot;,&quot;_ob_widget_stalker_use&quot;:&quot;no&quot;}\" data-widget_type=\"text-editor.default\">\n\t\t\t\t<div class=\"elementor-widget-container\">\n\t\t\t\t\t\t\t\t\t<p>Com sete farmac\u00eauticos permanentemente dispon\u00edveis, a <strong>Pharm\u00e1cia Spec\u00edfica<\/strong> oferece assist\u00eancia farmac\u00eautica humanista e de qualidade aos seus clientes e seus animais de estima\u00e7\u00e3o, auxiliando na correta administra\u00e7\u00e3o dos medicamentos e na condu\u00e7\u00e3o do melhor tratamento poss\u00edvel, com o uso eficaz de cada f\u00f3rmula preparada.<\/p><p>Desde o primeiro contato com a <strong>Pharm\u00e1cia Spec\u00edfica<\/strong>, os profissionais de atendimento se dedicam profundamente na compreens\u00e3o de todas as necessidades do cliente \u2013 humano ou animal &#8211; e das caracter\u00edsticas t\u00e9cnicas presentes em sua receita. A partir da encomenda, \u00e9 criado um projeto de produ\u00e7\u00e3o farmac\u00eautica que segue as etapas de um estrat\u00e9gico processo de boas pr\u00e1ticas magistrais, totalmente validado por um sistema de gest\u00e3o de qualidade.<\/p><p>A <strong>Pharm\u00e1cia Spec\u00edfica<\/strong> possui <strong>desde 1999<\/strong> uma grande infraestrutura, com oito laborat\u00f3rios especializados por categorias farmac\u00eauticas. Um projeto premiado de instala\u00e7\u00e3o farmac\u00eautica que se antecipou, at\u00e9 mesmo, as primeiras normatiza\u00e7\u00f5es da Anvisa para o setor.<\/p>\t\t\t\t\t\t\t\t<\/div>\n\t\t\t\t<\/div>\n\t\t\t\t\t<\/div>\n\t\t<\/div>\n\t\t\t\t\t<\/div>\n\t\t<\/section>\n\t\t\t\t<section class=\"ob-is-breaking-bad elementor-section elementor-top-section elementor-element elementor-element-0223cde elementor-section-boxed elementor-section-height-default elementor-section-height-default\" data-id=\"0223cde\" data-element_type=\"section\" data-settings=\"{&quot;background_background&quot;:&quot;classic&quot;,&quot;jet_parallax_layout_list&quot;:[],&quot;_ob_bbad_use_it&quot;:&quot;yes&quot;,&quot;_ob_bbad_sssic_use&quot;:&quot;no&quot;,&quot;_ob_glider_is_slider&quot;:&quot;no&quot;}\">\n\t\t\t\t\t\t<div class=\"elementor-container elementor-column-gap-default\">\n\t\t\t\t\t<div class=\"elementor-column elementor-col-100 elementor-top-column elementor-element elementor-element-3df17d7\" data-id=\"3df17d7\" data-element_type=\"column\" data-settings=\"{&quot;background_background&quot;:&quot;classic&quot;,&quot;_ob_bbad_is_stalker&quot;:&quot;no&quot;,&quot;_ob_teleporter_use&quot;:false,&quot;_ob_column_hoveranimator&quot;:&quot;no&quot;,&quot;_ob_column_has_pseudo&quot;:&quot;no&quot;}\">\n\t\t\t<div class=\"elementor-widget-wrap elementor-element-populated\">\n\t\t\t\t\t\t<div class=\"elementor-element elementor-element-64a19e5 ob-has-background-overlay elementor-widget elementor-widget-image\" data-id=\"64a19e5\" data-element_type=\"widget\" data-settings=\"{&quot;_ob_photomorph_use&quot;:&quot;no&quot;,&quot;_ob_perspektive_use&quot;:&quot;no&quot;,&quot;_ob_poopart_use&quot;:&quot;yes&quot;,&quot;_ob_shadough_use&quot;:&quot;no&quot;,&quot;_ob_allow_hoveranimator&quot;:&quot;no&quot;,&quot;_ob_widget_stalker_use&quot;:&quot;no&quot;}\" data-widget_type=\"image.default\">\n\t\t\t\t<div class=\"elementor-widget-container\">\n\t\t\t\t\t\t\t\t\t\t\t\t\t\t\t<img fetchpriority=\"high\" decoding=\"async\" width=\"2560\" height=\"594\" src=\"https:\/\/specifica.com.br\/site2024\/wp-content\/uploads\/2024\/05\/NOVA-SOBRE-NOS-Laboratorio-Oral-e-Topico-PARA-SITE-scaled.jpg\" class=\"attachment-full size-full wp-image-2450\" alt=\"\" srcset=\"https:\/\/specifica.com.br\/site2024\/wp-content\/uploads\/2024\/05\/NOVA-SOBRE-NOS-Laboratorio-Oral-e-Topico-PARA-SITE-scaled.jpg 2560w, https:\/\/specifica.com.br\/site2024\/wp-content\/uploads\/2024\/05\/NOVA-SOBRE-NOS-Laboratorio-Oral-e-Topico-PARA-SITE-300x70.jpg 300w, https:\/\/specifica.com.br\/site2024\/wp-content\/uploads\/2024\/05\/NOVA-SOBRE-NOS-Laboratorio-Oral-e-Topico-PARA-SITE-1024x238.jpg 1024w, https:\/\/specifica.com.br\/site2024\/wp-content\/uploads\/2024\/05\/NOVA-SOBRE-NOS-Laboratorio-Oral-e-Topico-PARA-SITE-768x178.jpg 768w, https:\/\/specifica.com.br\/site2024\/wp-content\/uploads\/2024\/05\/NOVA-SOBRE-NOS-Laboratorio-Oral-e-Topico-PARA-SITE-1536x356.jpg 1536w, https:\/\/specifica.com.br\/site2024\/wp-content\/uploads\/2024\/05\/NOVA-SOBRE-NOS-Laboratorio-Oral-e-Topico-PARA-SITE-2048x475.jpg 2048w, https:\/\/specifica.com.br\/site2024\/wp-content\/uploads\/2024\/05\/NOVA-SOBRE-NOS-Laboratorio-Oral-e-Topico-PARA-SITE-600x139.jpg 600w\" sizes=\"(max-width: 2560px) 100vw, 2560px\" \/>\t\t\t\t\t\t\t\t\t\t\t\t\t\t\t<\/div>\n\t\t\t\t<\/div>\n\t\t\t\t<div class=\"elementor-element elementor-element-d69cb8e ob-harakiri-inherit ob-has-background-overlay elementor-widget elementor-widget-heading\" data-id=\"d69cb8e\" data-element_type=\"widget\" data-settings=\"{&quot;_ob_use_harakiri&quot;:&quot;yes&quot;,&quot;_ob_harakiri_writing_mode&quot;:&quot;inherit&quot;,&quot;_ob_harakiri_text_clip&quot;:&quot;none&quot;,&quot;_ob_perspektive_use&quot;:&quot;no&quot;,&quot;_ob_poopart_use&quot;:&quot;yes&quot;,&quot;_ob_shadough_use&quot;:&quot;no&quot;,&quot;_ob_allow_hoveranimator&quot;:&quot;no&quot;,&quot;_ob_widget_stalker_use&quot;:&quot;no&quot;}\" data-widget_type=\"heading.default\">\n\t\t\t\t<div class=\"elementor-widget-container\">\n\t\t\t\t\t<h2 class=\"elementor-heading-title elementor-size-default\">Projeto premiado de instala\u00e7\u00e3o farmac\u00eautica -  <span style=\"font-weight:900\">3 andares de laborat\u00f3rios pr\u00f3prios<\/span>\n<\/h2>\t\t\t\t<\/div>\n\t\t\t\t<\/div>\n\t\t\t\t\t<\/div>\n\t\t<\/div>\n\t\t\t\t\t<\/div>\n\t\t<\/section>\n\t\t\t\t<section class=\"ob-is-breaking-bad elementor-section elementor-top-section elementor-element elementor-element-e54f559 elementor-section-boxed elementor-section-height-default elementor-section-height-default\" data-id=\"e54f559\" data-element_type=\"section\" data-settings=\"{&quot;background_background&quot;:&quot;classic&quot;,&quot;jet_parallax_layout_list&quot;:[],&quot;_ob_bbad_use_it&quot;:&quot;yes&quot;,&quot;_ob_bbad_sssic_use&quot;:&quot;no&quot;,&quot;_ob_glider_is_slider&quot;:&quot;no&quot;}\">\n\t\t\t\t\t\t<div class=\"elementor-container elementor-column-gap-default\">\n\t\t\t\t\t<div class=\"elementor-column elementor-col-100 elementor-top-column elementor-element elementor-element-639c181\" data-id=\"639c181\" data-element_type=\"column\" data-settings=\"{&quot;background_background&quot;:&quot;classic&quot;,&quot;_ob_bbad_is_stalker&quot;:&quot;no&quot;,&quot;_ob_teleporter_use&quot;:false,&quot;_ob_column_hoveranimator&quot;:&quot;no&quot;,&quot;_ob_column_has_pseudo&quot;:&quot;no&quot;}\">\n\t\t\t<div class=\"elementor-widget-wrap elementor-element-populated\">\n\t\t\t\t\t\t<div class=\"elementor-element elementor-element-8732739 ob-harakiri-inherit ob-has-background-overlay elementor-widget elementor-widget-text-editor\" data-id=\"8732739\" data-element_type=\"widget\" data-settings=\"{&quot;_ob_use_harakiri&quot;:&quot;yes&quot;,&quot;_ob_harakiri_writing_mode&quot;:&quot;inherit&quot;,&quot;_ob_postman_use&quot;:&quot;no&quot;,&quot;_ob_perspektive_use&quot;:&quot;no&quot;,&quot;_ob_poopart_use&quot;:&quot;yes&quot;,&quot;_ob_shadough_use&quot;:&quot;no&quot;,&quot;_ob_allow_hoveranimator&quot;:&quot;no&quot;,&quot;_ob_widget_stalker_use&quot;:&quot;no&quot;}\" data-widget_type=\"text-editor.default\">\n\t\t\t\t<div class=\"elementor-widget-container\">\n\t\t\t\t\t\t\t\t\t<p>Seguindo rigorosos protocolos de biosseguran\u00e7a, s\u00e3o produzidas f\u00f3rmulas alop\u00e1ticas, homeop\u00e1ticas e cosm\u00e9ticas. Cada prepara\u00e7\u00e3o \u00e9 tratada como um projeto especial que passa por diversas fases: or\u00e7amento, an\u00e1lise farmac\u00eautica da prescri\u00e7\u00e3o, registro, confer\u00eancia inicial do processo, manipula\u00e7\u00e3o, envase, controle e inspe\u00e7\u00e3o final do produto e valida\u00e7\u00e3o da qualidade.<\/p><p>Nos laborat\u00f3rios da <strong>Pharm\u00e1cia Spec\u00edfica<\/strong> s\u00e3o preparadas f\u00f3rmulas de todas as categorias farmac\u00eauticas, fitoter\u00e1picas, homeop\u00e1ticas (e florais), veterin\u00e1rias e cosm\u00e9ticas, atendendo as variadas prescri\u00e7\u00f5es das especialidades da sa\u00fade humana e animal, al\u00e9m de \u00e1reas como nutri\u00e7\u00e3o, odontologia, est\u00e9tica e terap\u00eauticas integrativas.<\/p><p>Do portf\u00f3lio de produtos fazem parte c\u00e1psulas, p\u00f3s orais, xaropes, solu\u00e7\u00f5es, cremes, pomadas, g\u00e9is, suposit\u00f3rios, \u00f3vulos, bast\u00f5es, entre tanto outros outros. Tamb\u00e9m s\u00e3o manipuladas prescri\u00e7\u00f5es que atendem a requisitos especiais como horm\u00f4nios, antibi\u00f3ticos, citost\u00e1ticos e subst\u00e2ncias com baixo \u00edndice terap\u00eautico, al\u00e9m de f\u00f3rmulas dermocosm\u00e9ticas, como sabonetes, shampoos, condicionadores, cremes, balms, s\u00e9runs, bases coloridas e filtros solares, entre outras.<\/p>\t\t\t\t\t\t\t\t<\/div>\n\t\t\t\t<\/div>\n\t\t\t\t<div class=\"elementor-element elementor-element-1991274 ob-has-background-overlay elementor-widget elementor-widget-video\" data-id=\"1991274\" data-element_type=\"widget\" data-settings=\"{&quot;youtube_url&quot;:&quot;https:\\\/\\\/youtu.be\\\/aK-b1E7G5qQ&quot;,&quot;yt_privacy&quot;:&quot;yes&quot;,&quot;video_type&quot;:&quot;youtube&quot;,&quot;_ob_perspektive_use&quot;:&quot;no&quot;,&quot;_ob_poopart_use&quot;:&quot;yes&quot;,&quot;_ob_shadough_use&quot;:&quot;no&quot;,&quot;_ob_allow_hoveranimator&quot;:&quot;no&quot;,&quot;_ob_widget_stalker_use&quot;:&quot;no&quot;}\" data-widget_type=\"video.default\">\n\t\t\t\t<div class=\"elementor-widget-container\">\n\t\t\t\t\t\t\t<div class=\"elementor-wrapper elementor-open-inline\">\n\t\t\t<div class=\"elementor-video\"><\/div>\t\t<\/div>\n\t\t\t\t\t\t<\/div>\n\t\t\t\t<\/div>\n\t\t\t\t<div class=\"elementor-element elementor-element-1db31a3 ob-harakiri-inherit ob-has-background-overlay elementor-widget elementor-widget-heading\" data-id=\"1db31a3\" data-element_type=\"widget\" data-settings=\"{&quot;_ob_use_harakiri&quot;:&quot;yes&quot;,&quot;_ob_harakiri_writing_mode&quot;:&quot;inherit&quot;,&quot;_ob_harakiri_text_clip&quot;:&quot;none&quot;,&quot;_ob_perspektive_use&quot;:&quot;no&quot;,&quot;_ob_poopart_use&quot;:&quot;yes&quot;,&quot;_ob_shadough_use&quot;:&quot;no&quot;,&quot;_ob_allow_hoveranimator&quot;:&quot;no&quot;,&quot;_ob_widget_stalker_use&quot;:&quot;no&quot;}\" data-widget_type=\"heading.default\">\n\t\t\t\t<div class=\"elementor-widget-container\">\n\t\t\t\t\t<h2 class=\"elementor-heading-title elementor-size-default\">Fale com a gente<\/h2>\t\t\t\t<\/div>\n\t\t\t\t<\/div>\n\t\t\t\t\t<\/div>\n\t\t<\/div>\n\t\t\t\t\t<\/div>\n\t\t<\/section>\n\t\t\t\t<\/div>\n\t\t","protected":false},"excerpt":{"rendered":"<p>Sobre n\u00f3s &#8220;Igual a voc\u00ea, ningu\u00e9m!&#8221; A Pharm\u00e1cia Spec\u00edfica \u00e9 uma farm\u00e1cia de manipula\u00e7\u00e3o de f\u00f3rmulas farmac\u00eauticas, cosm\u00e9ticas e veterin\u00e1rias. Fundada em 1983 e premiada pela planta inovadora de sua estrutura, a farm\u00e1cia j\u00e1 ultrapassou a marca de 13 milh\u00f5es de f\u00f3rmulas, todas preparadas artesanalmente, em seus arrojados laborat\u00f3rios.\u00a0 Sempre orientada pela pesquisa cient\u00edfica, a [&hellip;]<\/p>\n","protected":false},"author":1,"featured_media":0,"parent":0,"menu_order":0,"comment_status":"closed","ping_status":"closed","template":"","meta":{"_acf_changed":false,"footnotes":""},"class_list":["post-277","page","type-page","status-publish","hentry"],"acf":[],"_links":{"self":[{"href":"https:\/\/specifica.com.br\/site2024\/wp-json\/wp\/v2\/pages\/277","targetHints":{"allow":["GET"]}}],"collection":[{"href":"https:\/\/specifica.com.br\/site2024\/wp-json\/wp\/v2\/pages"}],"about":[{"href":"https:\/\/specifica.com.br\/site2024\/wp-json\/wp\/v2\/types\/page"}],"author":[{"embeddable":true,"href":"https:\/\/specifica.com.br\/site2024\/wp-json\/wp\/v2\/users\/1"}],"replies":[{"embeddable":true,"href":"https:\/\/specifica.com.br\/site2024\/wp-json\/wp\/v2\/comments?post=277"}],"version-history":[{"count":20,"href":"https:\/\/specifica.com.br\/site2024\/wp-json\/wp\/v2\/pages\/277\/revisions"}],"predecessor-version":[{"id":2520,"href":"https:\/\/specifica.com.br\/site2024\/wp-json\/wp\/v2\/pages\/277\/revisions\/2520"}],"wp:attachment":[{"href":"https:\/\/specifica.com.br\/site2024\/wp-json\/wp\/v2\/media?parent=277"}],"curies":[{"name":"wp","href":"https:\/\/api.w.org\/{rel}","templated":true}]}}